{"id":370,"date":"2014-06-25T17:07:14","date_gmt":"2013-11-05T16:54:07","guid":{"rendered":"http:\/\/www.alamoslisboa.org\/?page_id=370"},"modified":"2019-01-30T19:41:05","modified_gmt":"2019-01-30T19:41:05","slug":"the-residents","status":"publish","type":"page","link":"https:\/\/www.alamoslisboa.org\/en\/university-residence\/the-residents\/","title":{"rendered":"The Residents"},"content":{"rendered":"<section class=\"kc-elm kc-css-85606 kc_row\"><div class=\"kc-row-container  kc-container\"><div class=\"kc-wrap-columns\"><div class=\"kc-elm kc-css-467310 kc_col-sm-9 kc_column kc_col-sm-9\"><div class=\"kc-col-container\"><div class=\"kc-elm kc-css-773637 kc_text_block\"><\/p>\n<p><span style=\"font-style: inherit;\">Who better than former residents to show you what it means living in \u00c1lamos?<\/span><\/p>\n<p>\n<\/div>\n<div class=\"kc-elm kc-css-548677 kc-testimo kc-testi-layout-2\">\n\n\t<div class=\"content-title\">Wafa Arif<\/div><div class=\"content-position\">India, resident from February 2009 to July 2012<\/div><div class=\"content-desc\"><p>I vividly remember 9th February, 2009 as the day when I stepped into Alamos as a shy and distant resident mute to the Portuguese language. At that time, I couldn't have imagined that in Alamos I would find a family, lifelong friends and memories to cherish eternally.<\/p>\r\n\r\n<p>Alamos was a small and very welcoming place and with time I realised that it was more than just a place to sleep, study, or eat. I found a family atmosphere which made it an easy place to make friends \u2013 not with just those living in Alamos but also with those visiting it often. The get-togethers after meals, various activities, picnics and festivities also helped me to get to know them better and share my life with them. Slowly, with time, I got involved. I went from being a bit passive to taking a greater interest in the others, in the activities, to help others and to help the residence thus taking on more responsibility. Alamos is the place where my capabilities were lauded and where I gained self-confidence. Alamos brought out the real me from within me.<\/p>\r\n\r\n<p>Alamos was one of those few places that gave me immense happiness and where I lived one of the best times of my life. In the far distant mind I know that I have a family that is in Portugal and I know that I can count upon them at any moment of my life.<\/p>\r\n\r\n<p>Words fall short to describe Alamos because Alamos is a place to experience. Alamos is a place to live which leaves a deep longing to live through again.<\/p><\/div>\n<\/div>\n<\/div><\/div><div class=\"kc-elm kc-css-140601 kc_col-sm-3 kc_column kc_col-sm-3\"><div class=\"kc-col-container\"><div class=\"kc-elm kc-css-853881 widget-area kc-wp-sidebar\"><div id=\"custom_html-5\" class=\"widget_text side-bar widget sidebar_widget widget_custom_html\"><div class=\"sec-title\"><h3 class=\"skew-lines\">Contacts<\/h3><\/div><div class=\"textwidget custom-html-widget\"><p>\r\nAlameda da Universidade, 10<br\/>\r\n1600-214 Lisbon<br\/>\r\nPORTUGAL\r\n<\/p>\r\n<p>\r\n<strong>Tel:<\/strong><br\/>\r\n(+351) 966 443 592 (call to PT mobile network\r\n<\/p>\r\n<p>\r\n<strong>Email:<\/strong><br\/>\r\nalamos@alamoslisboa.org\r\n<\/p><\/div><\/div><\/div><\/div><\/div><\/div><\/div><\/section>\n","protected":false},"excerpt":{"rendered":"","protected":false},"author":1,"featured_media":1235,"parent":74,"menu_order":4,"comment_status":"closed","ping_status":"closed","template":"","meta":{"_acf_changed":false,"footnotes":""},"class_list":["post-370","page","type-page","status-publish","has-post-thumbnail","hentry"],"acf":[],"yoast_head":"<!-- This site is optimized with the Yoast SEO plugin v27.1.1 - https:\/\/yoast.com\/product\/yoast-seo-wordpress\/ -->\n<title>The Residents &#8211; Resid\u00eancia Universit\u00e1ria dos \u00c1lamos<\/title>\n<meta name=\"robots\" content=\"index, follow, max-snippet:-1, max-image-preview:large, max-video-preview:-1\" \/>\n<link rel=\"canonical\" href=\"https:\/\/www.alamoslisboa.org\/en\/university-residence\/the-residents\/\" \/>\n<meta name=\"twitter:label1\" content=\"Est. reading time\" \/>\n\t<meta name=\"twitter:data1\" content=\"1 minute\" \/>\n<script type=\"application\/ld+json\" class=\"yoast-schema-graph\">{\"@context\":\"https:\/\/schema.org\",\"@graph\":[{\"@type\":\"WebPage\",\"@id\":\"https:\/\/www.alamoslisboa.org\/en\/university-residence\/the-residents\/\",\"url\":\"https:\/\/www.alamoslisboa.org\/en\/university-residence\/the-residents\/\",\"name\":\"The Residents &#8211; Resid\u00eancia Universit\u00e1ria dos \u00c1lamos\",\"isPartOf\":{\"@id\":\"https:\/\/www.alamoslisboa.org\/#website\"},\"primaryImageOfPage\":{\"@id\":\"https:\/\/www.alamoslisboa.org\/en\/university-residence\/the-residents\/#primaryimage\"},\"image\":{\"@id\":\"https:\/\/www.alamoslisboa.org\/en\/university-residence\/the-residents\/#primaryimage\"},\"thumbnailUrl\":\"https:\/\/www.alamoslisboa.org\/wp-content\/uploads\/2014\/06\/Residentes-1.jpg\",\"datePublished\":\"2013-11-05T16:54:07+00:00\",\"dateModified\":\"2019-01-30T19:41:05+00:00\",\"breadcrumb\":{\"@id\":\"https:\/\/www.alamoslisboa.org\/en\/university-residence\/the-residents\/#breadcrumb\"},\"inLanguage\":\"en-US\",\"potentialAction\":[{\"@type\":\"ReadAction\",\"target\":[\"https:\/\/www.alamoslisboa.org\/en\/university-residence\/the-residents\/\"]}]},{\"@type\":\"ImageObject\",\"inLanguage\":\"en-US\",\"@id\":\"https:\/\/www.alamoslisboa.org\/en\/university-residence\/the-residents\/#primaryimage\",\"url\":\"https:\/\/www.alamoslisboa.org\/wp-content\/uploads\/2014\/06\/Residentes-1.jpg\",\"contentUrl\":\"https:\/\/www.alamoslisboa.org\/wp-content\/uploads\/2014\/06\/Residentes-1.jpg\",\"width\":1603,\"height\":410},{\"@type\":\"BreadcrumbList\",\"@id\":\"https:\/\/www.alamoslisboa.org\/en\/university-residence\/the-residents\/#breadcrumb\",\"itemListElement\":[{\"@type\":\"ListItem\",\"position\":1,\"name\":\"Home\",\"item\":\"https:\/\/www.alamoslisboa.org\/en\/\"},{\"@type\":\"ListItem\",\"position\":2,\"name\":\"University Residence\",\"item\":\"https:\/\/www.alamoslisboa.org\/en\/university-residence\/\"},{\"@type\":\"ListItem\",\"position\":3,\"name\":\"The Residents\"}]},{\"@type\":\"WebSite\",\"@id\":\"https:\/\/www.alamoslisboa.org\/#website\",\"url\":\"https:\/\/www.alamoslisboa.org\/\",\"name\":\"Resid\u00eancia Universit\u00e1ria dos \u00c1lamos\",\"description\":\"\",\"potentialAction\":[{\"@type\":\"SearchAction\",\"target\":{\"@type\":\"EntryPoint\",\"urlTemplate\":\"https:\/\/www.alamoslisboa.org\/?s={search_term_string}\"},\"query-input\":{\"@type\":\"PropertyValueSpecification\",\"valueRequired\":true,\"valueName\":\"search_term_string\"}}],\"inLanguage\":\"en-US\"}]}<\/script>\n<!-- \/ Yoast SEO plugin. -->","yoast_head_json":{"title":"The Residents &#8211; Resid\u00eancia Universit\u00e1ria dos \u00c1lamos","robots":{"index":"index","follow":"follow","max-snippet":"max-snippet:-1","max-image-preview":"max-image-preview:large","max-video-preview":"max-video-preview:-1"},"canonical":"https:\/\/www.alamoslisboa.org\/en\/university-residence\/the-residents\/","twitter_misc":{"Est. reading time":"1 minute"},"schema":{"@context":"https:\/\/schema.org","@graph":[{"@type":"WebPage","@id":"https:\/\/www.alamoslisboa.org\/en\/university-residence\/the-residents\/","url":"https:\/\/www.alamoslisboa.org\/en\/university-residence\/the-residents\/","name":"The Residents &#8211; Resid\u00eancia Universit\u00e1ria dos \u00c1lamos","isPartOf":{"@id":"https:\/\/www.alamoslisboa.org\/#website"},"primaryImageOfPage":{"@id":"https:\/\/www.alamoslisboa.org\/en\/university-residence\/the-residents\/#primaryimage"},"image":{"@id":"https:\/\/www.alamoslisboa.org\/en\/university-residence\/the-residents\/#primaryimage"},"thumbnailUrl":"https:\/\/www.alamoslisboa.org\/wp-content\/uploads\/2014\/06\/Residentes-1.jpg","datePublished":"2013-11-05T16:54:07+00:00","dateModified":"2019-01-30T19:41:05+00:00","breadcrumb":{"@id":"https:\/\/www.alamoslisboa.org\/en\/university-residence\/the-residents\/#breadcrumb"},"inLanguage":"en-US","potentialAction":[{"@type":"ReadAction","target":["https:\/\/www.alamoslisboa.org\/en\/university-residence\/the-residents\/"]}]},{"@type":"ImageObject","inLanguage":"en-US","@id":"https:\/\/www.alamoslisboa.org\/en\/university-residence\/the-residents\/#primaryimage","url":"https:\/\/www.alamoslisboa.org\/wp-content\/uploads\/2014\/06\/Residentes-1.jpg","contentUrl":"https:\/\/www.alamoslisboa.org\/wp-content\/uploads\/2014\/06\/Residentes-1.jpg","width":1603,"height":410},{"@type":"BreadcrumbList","@id":"https:\/\/www.alamoslisboa.org\/en\/university-residence\/the-residents\/#breadcrumb","itemListElement":[{"@type":"ListItem","position":1,"name":"Home","item":"https:\/\/www.alamoslisboa.org\/en\/"},{"@type":"ListItem","position":2,"name":"University Residence","item":"https:\/\/www.alamoslisboa.org\/en\/university-residence\/"},{"@type":"ListItem","position":3,"name":"The Residents"}]},{"@type":"WebSite","@id":"https:\/\/www.alamoslisboa.org\/#website","url":"https:\/\/www.alamoslisboa.org\/","name":"Resid\u00eancia Universit\u00e1ria dos \u00c1lamos","description":"","potentialAction":[{"@type":"SearchAction","target":{"@type":"EntryPoint","urlTemplate":"https:\/\/www.alamoslisboa.org\/?s={search_term_string}"},"query-input":{"@type":"PropertyValueSpecification","valueRequired":true,"valueName":"search_term_string"}}],"inLanguage":"en-US"}]}},"_links":{"self":[{"href":"https:\/\/www.alamoslisboa.org\/en\/wp-json\/wp\/v2\/pages\/370","targetHints":{"allow":["GET"]}}],"collection":[{"href":"https:\/\/www.alamoslisboa.org\/en\/wp-json\/wp\/v2\/pages"}],"about":[{"href":"https:\/\/www.alamoslisboa.org\/en\/wp-json\/wp\/v2\/types\/page"}],"author":[{"embeddable":true,"href":"https:\/\/www.alamoslisboa.org\/en\/wp-json\/wp\/v2\/users\/1"}],"replies":[{"embeddable":true,"href":"https:\/\/www.alamoslisboa.org\/en\/wp-json\/wp\/v2\/comments?post=370"}],"version-history":[{"count":0,"href":"https:\/\/www.alamoslisboa.org\/en\/wp-json\/wp\/v2\/pages\/370\/revisions"}],"up":[{"embeddable":true,"href":"https:\/\/www.alamoslisboa.org\/en\/wp-json\/wp\/v2\/pages\/74"}],"wp:featuredmedia":[{"embeddable":true,"href":"https:\/\/www.alamoslisboa.org\/en\/wp-json\/wp\/v2\/media\/1235"}],"wp:attachment":[{"href":"https:\/\/www.alamoslisboa.org\/en\/wp-json\/wp\/v2\/media?parent=370"}],"curies":[{"name":"wp","href":"https:\/\/api.w.org\/{rel}","templated":true}]}}

<section class="kc-elm kc-css-85606 kc_row"><div class="kc-row-container  kc-container"><div class="kc-wrap-columns"><div class="kc-elm kc-css-467310 kc_col-sm-9 kc_column kc_col-sm-9"><div class="kc-col-container"><div class="kc-elm kc-css-773637 kc_text_block"></p>
<p><span style="font-style: inherit;">Who better than former residents to show you what it means living in Álamos?</span></p>
<p>
</div>
<div class="kc-elm kc-css-548677 kc-testimo kc-testi-layout-2">

	<div class="content-title">Wafa Arif</div><div class="content-position">India, resident from February 2009 to July 2012</div><div class="content-desc"><p>I vividly remember 9th February, 2009 as the day when I stepped into Alamos as a shy and distant resident mute to the Portuguese language. At that time, I couldn't have imagined that in Alamos I would find a family, lifelong friends and memories to cherish eternally.</p>

<p>Alamos was a small and very welcoming place and with time I realised that it was more than just a place to sleep, study, or eat. I found a family atmosphere which made it an easy place to make friends – not with just those living in Alamos but also with those visiting it often. The get-togethers after meals, various activities, picnics and festivities also helped me to get to know them better and share my life with them. Slowly, with time, I got involved. I went from being a bit passive to taking a greater interest in the others, in the activities, to help others and to help the residence thus taking on more responsibility. Alamos is the place where my capabilities were lauded and where I gained self-confidence. Alamos brought out the real me from within me.</p>

<p>Alamos was one of those few places that gave me immense happiness and where I lived one of the best times of my life. In the far distant mind I know that I have a family that is in Portugal and I know that I can count upon them at any moment of my life.</p>

<p>Words fall short to describe Alamos because Alamos is a place to experience. Alamos is a place to live which leaves a deep longing to live through again.</p></div>
</div>
</div></div><div class="kc-elm kc-css-140601 kc_col-sm-3 kc_column kc_col-sm-3"><div class="kc-col-container"><div class="kc-elm kc-css-853881 widget-area kc-wp-sidebar"><div id="custom_html-5" class="widget_text side-bar widget sidebar_widget widget_custom_html"><div class="sec-title"><h3 class="skew-lines">Contacts</h3></div><div class="textwidget custom-html-widget"><p>
Alameda da Universidade, 10<br/>
1600-214 Lisbon<br/>
PORTUGAL
</p>
<p>
<strong>Tel:</strong><br/>
(+351) 966 443 592 (call to PT mobile network
</p>
<p>
<strong>Email:</strong><br/>
alamos@alamoslisboa.org
</p></div></div></div></div></div></div></div></section>

<!-- This site is optimized with the Yoast SEO plugin v27.1.1 - https://yoast.com/product/yoast-seo-wordpress/ -->
<title>The Residents &#8211; Residência Universitária dos Álamos</title>
<meta name="robots" content="index, follow, max-snippet:-1, max-image-preview:large, max-video-preview:-1" />
<link rel="canonical" href="https://www.alamoslisboa.org/en/university-residence/the-residents/" />
<meta name="twitter:label1" content="Est. reading time" />
	<meta name="twitter:data1" content="1 minute" />
<script type="application/ld+json" class="yoast-schema-graph">{"@context":"https://schema.org","@graph":[{"@type":"WebPage","@id":"https://www.alamoslisboa.org/en/university-residence/the-residents/","url":"https://www.alamoslisboa.org/en/university-residence/the-residents/","name":"The Residents &#8211; Residência Universitária dos Álamos","isPartOf":{"@id":"https://www.alamoslisboa.org/#website"},"primaryImageOfPage":{"@id":"https://www.alamoslisboa.org/en/university-residence/the-residents/#primaryimage"},"image":{"@id":"https://www.alamoslisboa.org/en/university-residence/the-residents/#primaryimage"},"thumbnailUrl":"https://www.alamoslisboa.org/wp-content/uploads/2014/06/Residentes-1.jpg","datePublished":"2013-11-05T16:54:07+00:00","dateModified":"2019-01-30T19:41:05+00:00","breadcrumb":{"@id":"https://www.alamoslisboa.org/en/university-residence/the-residents/#breadcrumb"},"inLanguage":"en-US","potentialAction":[{"@type":"ReadAction","target":["https://www.alamoslisboa.org/en/university-residence/the-residents/"]}]},{"@type":"ImageObject","inLanguage":"en-US","@id":"https://www.alamoslisboa.org/en/university-residence/the-residents/#primaryimage","url":"https://www.alamoslisboa.org/wp-content/uploads/2014/06/Residentes-1.jpg","contentUrl":"https://www.alamoslisboa.org/wp-content/uploads/2014/06/Residentes-1.jpg","width":1603,"height":410},{"@type":"BreadcrumbList","@id":"https://www.alamoslisboa.org/en/university-residence/the-residents/#breadcrumb","itemListElement":[{"@type":"ListItem","position":1,"name":"Home","item":"https://www.alamoslisboa.org/en/"},{"@type":"ListItem","position":2,"name":"University Residence","item":"https://www.alamoslisboa.org/en/university-residence/"},{"@type":"ListItem","position":3,"name":"The Residents"}]},{"@type":"WebSite","@id":"https://www.alamoslisboa.org/#website","url":"https://www.alamoslisboa.org/","name":"Residência Universitária dos Álamos","description":"","potentialAction":[{"@type":"SearchAction","target":{"@type":"EntryPoint","urlTemplate":"https://www.alamoslisboa.org/?s={search_term_string}"},"query-input":{"@type":"PropertyValueSpecification","valueRequired":true,"valueName":"search_term_string"}}],"inLanguage":"en-US"}]}</script>
<!-- / Yoast SEO plugin. -->

The Residents &#8211; Residência Universitária dos Álamos

Residência Universitária dos Álamos
