{"id":1933,"date":"2017-11-19T13:31:01","date_gmt":"2017-11-19T13:31:01","guid":{"rendered":"http:\/\/www.alamoslisboa.org\/?page_id=1933"},"modified":"2019-05-17T12:46:49","modified_gmt":"2019-05-17T11:46:49","slug":"youth-association","status":"publish","type":"page","link":"https:\/\/www.alamoslisboa.org\/en\/about-us\/youth-association\/","title":{"rendered":"Youth Association"},"content":{"rendered":"<p><section class=\"kc-elm kc-css-583897 kc_row\"><div class=\"kc-row-container  kc-container\"><div class=\"kc-wrap-columns\"><div class=\"kc-elm kc-css-597194 kc_col-sm-12 kc_column kc_col-sm-12\"><div class=\"kc-col-container\"><div class=\"kc-elm kc-css-123644 kc_text_block\"><\/p>\n<p>[two_third]<\/p>\n<h1>Youth Association<\/h1>\n<\/p>\n<p>[\/two_third]<\/p>\n<p>[one_third_last]<\/p>\n<h6>\u00c1lamos Youth Association<\/h6>\n<\/p>\n<p><a class=\"mc_button more light icon_small_arrow margin_right_white\" style=\"margin-bottom: 5px; color: #ffffff; background-color: #a43a53; border-color: #A43A53;\" title=\"Relat\u00f3rio de Atividades de 2014\" href=\"https:\/\/www.alamoslisboa.org\/wp-content\/uploads\/2015\/09\/Relat\u00f3rio-de-atividades-2014.pdf\">Relat\u00f3rio de Atividades de 2014<\/a><\/p>\n<p><a class=\"mc_button more light icon_small_arrow margin_right_white\" style=\"margin-bottom: 5px; color: #ffffff; background-color: #a43a53; border-color: #A43A53;\" title=\"Relat\u00f3rio de Atividades de 2015\" href=\"https:\/\/www.alamoslisboa.org\/wp-content\/uploads\/2014\/06\/ALAMOS_RelatActs2015.pdf\">Relat\u00f3rio de Atividades de 2015<\/a><\/p>\n<p><a class=\"mc_button more light icon_small_arrow margin_right_white\" style=\"margin-bottom: 5px; color: #ffffff; background-color: #a43a53; border-color: #A43A53;\" title=\"Relat\u00f3rio de Atividades de 2016\" href=\"https:\/\/www.alamoslisboa.org\/wp-content\/uploads\/2014\/06\/ALAMOS_Relatorio2016.pdf\">Relat\u00f3rio de Atividades de 2016<\/a><\/p>\n<p>[\/one_third_last]<\/p>\n<p>\n<\/div><\/div><\/div><\/div><\/div><\/section><section class=\"kc-elm kc-css-852446 kc_row\"><div class=\"kc-row-container  kc-container\"><div class=\"kc-wrap-columns\"><div class=\"kc-elm kc-css-140517 kc_col-sm-9 kc_column kc_col-sm-9\"><div class=\"kc-col-container\"><div class=\"kc-elm kc-css-385039 kc_text_block\"><\/p>\n<p>\u00c1lamos \u2013 Youth Association seeks to complement university students\u2019 academic education through a diversified programme that helps each student develop as a person, as a student and as a citizen, maximizing their capabilities.<\/p>\n<p>\u00c1lamos looks to foster:<\/p>\n<ul class=\"list-11\">\n<li>The value of the University and academic ideals,<\/li>\n<li>The importance of continuous training,<\/li>\n<li>A spirit of solidarity,<\/li>\n<li>A sense of personal responsibility for the common go,<\/li>\n<li>A spirit of coexistence and healthy camaraderie.<\/li>\n<\/ul>\n<h6>Financing<\/h6>\n<p>\u00c1lamos \u2013 Youth Association, as a non-profit organization, strives to balancing its budget daily.<\/p>\n<p>To that end, besides one-off subsidies from private and public entities (of which the Portuguese Institute of Youth stands out), \u00c1lamos counts on the contributions of charitable associates who, through their generosity, enable its existence.<\/p>\n<p>\u00c1lamos appreciates all the contributions and donations, which can be made out to the Millenium BCP bank account.<\/p>\n<p><span style=\"font-weight: 600;\">IBAN: PT50 0033 0000 0008 8812 8130 5<\/span><\/p>\n<p><span style=\"font-weight: 600;\">SWIFT: BCOMPTPL<\/span><\/p>\n<p>\n<\/div><\/div><\/div><div class=\"kc-elm kc-css-786866 kc_col-sm-3 kc_column kc_col-sm-3\"><div class=\"kc-col-container\"><div class=\"kc-elm kc-css-612 kc_text_block\"><\/p>\n<h6>\u00c1lamos Youth Association<\/h6>\n<p>Annual Reports of the Association (in Portuguese).<\/p>\n<p>\n<\/div>\n<div class=\"kc-elm kc-css-913097\">\n\t<a class=\"kc_button\" href=\"https:\/\/www.alamoslisboa.org\/wp-content\/uploads\/2015\/09\/Relat\u00f3rio-de-atividades-2014.pdf\" target=\"_blank\" title=\"\" onclick=\"\">\n\t\tRelat\u00f3rio de Atividades de 2014 <i class=\"et-document\"><\/i>\t<\/a>\n<\/div>\n\n<div class=\"kc-elm kc-css-530161\">\n\t<a class=\"kc_button\" href=\"https:\/\/www.alamoslisboa.org\/wp-content\/uploads\/2014\/06\/ALAMOS_RelatActs2015.pdf\" target=\"_blank\" title=\"\" onclick=\"\">\n\t\tRelat\u00f3rio de Atividades de 2015 <i class=\"et-document\"><\/i>\t<\/a>\n<\/div>\n\n<div class=\"kc-elm kc-css-886588\">\n\t<a class=\"kc_button\" href=\"https:\/\/www.alamoslisboa.org\/wp-content\/uploads\/2014\/06\/ALAMOS_Relatorio2016.pdf\" target=\"_blank\" title=\"\" onclick=\"\">\n\t\tRelat\u00f3rio de Atividades de 2016 <i class=\"et-document\"><\/i>\t<\/a>\n<\/div>\n\n<div class=\"kc-elm kc-css-300573\">\n\t<a class=\"kc_button\" href=\"https:\/\/www.alamoslisboa.org\/wp-content\/uploads\/2019\/05\/RelatALAMOS2017.pdf\" target=\"_blank\" title=\"\" onclick=\"\">\n\t\tRelat\u00f3rio de Atividades de 2017 <i class=\"et-document\"><\/i>\t<\/a>\n<\/div>\n<\/div><\/div><\/div><\/div><\/section><\/p>\n","protected":false},"excerpt":{"rendered":"","protected":false},"author":2,"featured_media":1645,"parent":372,"menu_order":3,"comment_status":"closed","ping_status":"closed","template":"","meta":{"_acf_changed":false,"footnotes":""},"class_list":["post-1933","page","type-page","status-publish","has-post-thumbnail","hentry"],"acf":[],"yoast_head":"<!-- This site is optimized with the Yoast SEO plugin v27.1.1 - https:\/\/yoast.com\/product\/yoast-seo-wordpress\/ -->\n<title>Youth Association &#8211; Resid\u00eancia Universit\u00e1ria dos \u00c1lamos<\/title>\n<meta name=\"robots\" content=\"index, follow, max-snippet:-1, max-image-preview:large, max-video-preview:-1\" \/>\n<link rel=\"canonical\" href=\"https:\/\/www.alamoslisboa.org\/en\/about-us\/youth-association\/\" \/>\n<meta name=\"twitter:label1\" content=\"Est. reading time\" \/>\n\t<meta name=\"twitter:data1\" content=\"1 minute\" \/>\n<script type=\"application\/ld+json\" class=\"yoast-schema-graph\">{\"@context\":\"https:\/\/schema.org\",\"@graph\":[{\"@type\":\"WebPage\",\"@id\":\"https:\/\/www.alamoslisboa.org\/en\/about-us\/youth-association\/\",\"url\":\"https:\/\/www.alamoslisboa.org\/en\/about-us\/youth-association\/\",\"name\":\"Youth Association &#8211; Resid\u00eancia Universit\u00e1ria dos \u00c1lamos\",\"isPartOf\":{\"@id\":\"https:\/\/www.alamoslisboa.org\/#website\"},\"primaryImageOfPage\":{\"@id\":\"https:\/\/www.alamoslisboa.org\/en\/about-us\/youth-association\/#primaryimage\"},\"image\":{\"@id\":\"https:\/\/www.alamoslisboa.org\/en\/about-us\/youth-association\/#primaryimage\"},\"thumbnailUrl\":\"https:\/\/www.alamoslisboa.org\/wp-content\/uploads\/2017\/11\/IMG-20161009-WA0003.jpg\",\"datePublished\":\"2017-11-19T13:31:01+00:00\",\"dateModified\":\"2019-05-17T11:46:49+00:00\",\"breadcrumb\":{\"@id\":\"https:\/\/www.alamoslisboa.org\/en\/about-us\/youth-association\/#breadcrumb\"},\"inLanguage\":\"en-US\",\"potentialAction\":[{\"@type\":\"ReadAction\",\"target\":[\"https:\/\/www.alamoslisboa.org\/en\/about-us\/youth-association\/\"]}]},{\"@type\":\"ImageObject\",\"inLanguage\":\"en-US\",\"@id\":\"https:\/\/www.alamoslisboa.org\/en\/about-us\/youth-association\/#primaryimage\",\"url\":\"https:\/\/www.alamoslisboa.org\/wp-content\/uploads\/2017\/11\/IMG-20161009-WA0003.jpg\",\"contentUrl\":\"https:\/\/www.alamoslisboa.org\/wp-content\/uploads\/2017\/11\/IMG-20161009-WA0003.jpg\",\"width\":1598,\"height\":407},{\"@type\":\"BreadcrumbList\",\"@id\":\"https:\/\/www.alamoslisboa.org\/en\/about-us\/youth-association\/#breadcrumb\",\"itemListElement\":[{\"@type\":\"ListItem\",\"position\":1,\"name\":\"Home\",\"item\":\"https:\/\/www.alamoslisboa.org\/en\/\"},{\"@type\":\"ListItem\",\"position\":2,\"name\":\"About us\",\"item\":\"https:\/\/www.alamoslisboa.org\/en\/about-us\/\"},{\"@type\":\"ListItem\",\"position\":3,\"name\":\"Youth Association\"}]},{\"@type\":\"WebSite\",\"@id\":\"https:\/\/www.alamoslisboa.org\/#website\",\"url\":\"https:\/\/www.alamoslisboa.org\/\",\"name\":\"Resid\u00eancia Universit\u00e1ria dos \u00c1lamos\",\"description\":\"\",\"potentialAction\":[{\"@type\":\"SearchAction\",\"target\":{\"@type\":\"EntryPoint\",\"urlTemplate\":\"https:\/\/www.alamoslisboa.org\/?s={search_term_string}\"},\"query-input\":{\"@type\":\"PropertyValueSpecification\",\"valueRequired\":true,\"valueName\":\"search_term_string\"}}],\"inLanguage\":\"en-US\"}]}<\/script>\n<!-- \/ Yoast SEO plugin. -->","yoast_head_json":{"title":"Youth Association &#8211; Resid\u00eancia Universit\u00e1ria dos \u00c1lamos","robots":{"index":"index","follow":"follow","max-snippet":"max-snippet:-1","max-image-preview":"max-image-preview:large","max-video-preview":"max-video-preview:-1"},"canonical":"https:\/\/www.alamoslisboa.org\/en\/about-us\/youth-association\/","twitter_misc":{"Est. reading time":"1 minute"},"schema":{"@context":"https:\/\/schema.org","@graph":[{"@type":"WebPage","@id":"https:\/\/www.alamoslisboa.org\/en\/about-us\/youth-association\/","url":"https:\/\/www.alamoslisboa.org\/en\/about-us\/youth-association\/","name":"Youth Association &#8211; Resid\u00eancia Universit\u00e1ria dos \u00c1lamos","isPartOf":{"@id":"https:\/\/www.alamoslisboa.org\/#website"},"primaryImageOfPage":{"@id":"https:\/\/www.alamoslisboa.org\/en\/about-us\/youth-association\/#primaryimage"},"image":{"@id":"https:\/\/www.alamoslisboa.org\/en\/about-us\/youth-association\/#primaryimage"},"thumbnailUrl":"https:\/\/www.alamoslisboa.org\/wp-content\/uploads\/2017\/11\/IMG-20161009-WA0003.jpg","datePublished":"2017-11-19T13:31:01+00:00","dateModified":"2019-05-17T11:46:49+00:00","breadcrumb":{"@id":"https:\/\/www.alamoslisboa.org\/en\/about-us\/youth-association\/#breadcrumb"},"inLanguage":"en-US","potentialAction":[{"@type":"ReadAction","target":["https:\/\/www.alamoslisboa.org\/en\/about-us\/youth-association\/"]}]},{"@type":"ImageObject","inLanguage":"en-US","@id":"https:\/\/www.alamoslisboa.org\/en\/about-us\/youth-association\/#primaryimage","url":"https:\/\/www.alamoslisboa.org\/wp-content\/uploads\/2017\/11\/IMG-20161009-WA0003.jpg","contentUrl":"https:\/\/www.alamoslisboa.org\/wp-content\/uploads\/2017\/11\/IMG-20161009-WA0003.jpg","width":1598,"height":407},{"@type":"BreadcrumbList","@id":"https:\/\/www.alamoslisboa.org\/en\/about-us\/youth-association\/#breadcrumb","itemListElement":[{"@type":"ListItem","position":1,"name":"Home","item":"https:\/\/www.alamoslisboa.org\/en\/"},{"@type":"ListItem","position":2,"name":"About us","item":"https:\/\/www.alamoslisboa.org\/en\/about-us\/"},{"@type":"ListItem","position":3,"name":"Youth Association"}]},{"@type":"WebSite","@id":"https:\/\/www.alamoslisboa.org\/#website","url":"https:\/\/www.alamoslisboa.org\/","name":"Resid\u00eancia Universit\u00e1ria dos \u00c1lamos","description":"","potentialAction":[{"@type":"SearchAction","target":{"@type":"EntryPoint","urlTemplate":"https:\/\/www.alamoslisboa.org\/?s={search_term_string}"},"query-input":{"@type":"PropertyValueSpecification","valueRequired":true,"valueName":"search_term_string"}}],"inLanguage":"en-US"}]}},"_links":{"self":[{"href":"https:\/\/www.alamoslisboa.org\/en\/wp-json\/wp\/v2\/pages\/1933","targetHints":{"allow":["GET"]}}],"collection":[{"href":"https:\/\/www.alamoslisboa.org\/en\/wp-json\/wp\/v2\/pages"}],"about":[{"href":"https:\/\/www.alamoslisboa.org\/en\/wp-json\/wp\/v2\/types\/page"}],"author":[{"embeddable":true,"href":"https:\/\/www.alamoslisboa.org\/en\/wp-json\/wp\/v2\/users\/2"}],"replies":[{"embeddable":true,"href":"https:\/\/www.alamoslisboa.org\/en\/wp-json\/wp\/v2\/comments?post=1933"}],"version-history":[{"count":0,"href":"https:\/\/www.alamoslisboa.org\/en\/wp-json\/wp\/v2\/pages\/1933\/revisions"}],"up":[{"embeddable":true,"href":"https:\/\/www.alamoslisboa.org\/en\/wp-json\/wp\/v2\/pages\/372"}],"wp:featuredmedia":[{"embeddable":true,"href":"https:\/\/www.alamoslisboa.org\/en\/wp-json\/wp\/v2\/media\/1645"}],"wp:attachment":[{"href":"https:\/\/www.alamoslisboa.org\/en\/wp-json\/wp\/v2\/media?parent=1933"}],"curies":[{"name":"wp","href":"https:\/\/api.w.org\/{rel}","templated":true}]}}

<p><section class="kc-elm kc-css-583897 kc_row"><div class="kc-row-container  kc-container"><div class="kc-wrap-columns"><div class="kc-elm kc-css-597194 kc_col-sm-12 kc_column kc_col-sm-12"><div class="kc-col-container"><div class="kc-elm kc-css-123644 kc_text_block"></p>
<p>[two_third]</p>
<h1>Youth Association</h1>
</p>
<p>[/two_third]</p>
<p>[one_third_last]</p>
<h6>Álamos Youth Association</h6>
</p>
<p><a class="mc_button more light icon_small_arrow margin_right_white" style="margin-bottom: 5px; color: #ffffff; background-color: #a43a53; border-color: #A43A53;" title="Relatório de Atividades de 2014" href="https://www.alamoslisboa.org/wp-content/uploads/2015/09/Relatório-de-atividades-2014.pdf">Relatório de Atividades de 2014</a></p>
<p><a class="mc_button more light icon_small_arrow margin_right_white" style="margin-bottom: 5px; color: #ffffff; background-color: #a43a53; border-color: #A43A53;" title="Relatório de Atividades de 2015" href="https://www.alamoslisboa.org/wp-content/uploads/2014/06/ALAMOS_RelatActs2015.pdf">Relatório de Atividades de 2015</a></p>
<p><a class="mc_button more light icon_small_arrow margin_right_white" style="margin-bottom: 5px; color: #ffffff; background-color: #a43a53; border-color: #A43A53;" title="Relatório de Atividades de 2016" href="https://www.alamoslisboa.org/wp-content/uploads/2014/06/ALAMOS_Relatorio2016.pdf">Relatório de Atividades de 2016</a></p>
<p>[/one_third_last]</p>
<p>
</div></div></div></div></div></section><section class="kc-elm kc-css-852446 kc_row"><div class="kc-row-container  kc-container"><div class="kc-wrap-columns"><div class="kc-elm kc-css-140517 kc_col-sm-9 kc_column kc_col-sm-9"><div class="kc-col-container"><div class="kc-elm kc-css-385039 kc_text_block"></p>
<p>Álamos – Youth Association seeks to complement university students’ academic education through a diversified programme that helps each student develop as a person, as a student and as a citizen, maximizing their capabilities.</p>
<p>Álamos looks to foster:</p>
<ul class="list-11">
<li>The value of the University and academic ideals,</li>
<li>The importance of continuous training,</li>
<li>A spirit of solidarity,</li>
<li>A sense of personal responsibility for the common go,</li>
<li>A spirit of coexistence and healthy camaraderie.</li>
</ul>
<h6>Financing</h6>
<p>Álamos – Youth Association, as a non-profit organization, strives to balancing its budget daily.</p>
<p>To that end, besides one-off subsidies from private and public entities (of which the Portuguese Institute of Youth stands out), Álamos counts on the contributions of charitable associates who, through their generosity, enable its existence.</p>
<p>Álamos appreciates all the contributions and donations, which can be made out to the Millenium BCP bank account.</p>
<p><span style="font-weight: 600;">IBAN: PT50 0033 0000 0008 8812 8130 5</span></p>
<p><span style="font-weight: 600;">SWIFT: BCOMPTPL</span></p>
<p>
</div></div></div><div class="kc-elm kc-css-786866 kc_col-sm-3 kc_column kc_col-sm-3"><div class="kc-col-container"><div class="kc-elm kc-css-612 kc_text_block"></p>
<h6>Álamos Youth Association</h6>
<p>Annual Reports of the Association (in Portuguese).</p>
<p>
</div>
<div class="kc-elm kc-css-913097">
	<a class="kc_button" href="https://www.alamoslisboa.org/wp-content/uploads/2015/09/Relatório-de-atividades-2014.pdf" target="_blank" title="" onclick="">
		Relatório de Atividades de 2014 <i class="et-document"></i>	</a>
</div>

<div class="kc-elm kc-css-530161">
	<a class="kc_button" href="https://www.alamoslisboa.org/wp-content/uploads/2014/06/ALAMOS_RelatActs2015.pdf" target="_blank" title="" onclick="">
		Relatório de Atividades de 2015 <i class="et-document"></i>	</a>
</div>

<div class="kc-elm kc-css-886588">
	<a class="kc_button" href="https://www.alamoslisboa.org/wp-content/uploads/2014/06/ALAMOS_Relatorio2016.pdf" target="_blank" title="" onclick="">
		Relatório de Atividades de 2016 <i class="et-document"></i>	</a>
</div>

<div class="kc-elm kc-css-300573">
	<a class="kc_button" href="https://www.alamoslisboa.org/wp-content/uploads/2019/05/RelatALAMOS2017.pdf" target="_blank" title="" onclick="">
		Relatório de Atividades de 2017 <i class="et-document"></i>	</a>
</div>
</div></div></div></div></section></p>

<!-- This site is optimized with the Yoast SEO plugin v27.1.1 - https://yoast.com/product/yoast-seo-wordpress/ -->
<title>Youth Association &#8211; Residência Universitária dos Álamos</title>
<meta name="robots" content="index, follow, max-snippet:-1, max-image-preview:large, max-video-preview:-1" />
<link rel="canonical" href="https://www.alamoslisboa.org/en/about-us/youth-association/" />
<meta name="twitter:label1" content="Est. reading time" />
	<meta name="twitter:data1" content="1 minute" />
<script type="application/ld+json" class="yoast-schema-graph">{"@context":"https://schema.org","@graph":[{"@type":"WebPage","@id":"https://www.alamoslisboa.org/en/about-us/youth-association/","url":"https://www.alamoslisboa.org/en/about-us/youth-association/","name":"Youth Association &#8211; Residência Universitária dos Álamos","isPartOf":{"@id":"https://www.alamoslisboa.org/#website"},"primaryImageOfPage":{"@id":"https://www.alamoslisboa.org/en/about-us/youth-association/#primaryimage"},"image":{"@id":"https://www.alamoslisboa.org/en/about-us/youth-association/#primaryimage"},"thumbnailUrl":"https://www.alamoslisboa.org/wp-content/uploads/2017/11/IMG-20161009-WA0003.jpg","datePublished":"2017-11-19T13:31:01+00:00","dateModified":"2019-05-17T11:46:49+00:00","breadcrumb":{"@id":"https://www.alamoslisboa.org/en/about-us/youth-association/#breadcrumb"},"inLanguage":"en-US","potentialAction":[{"@type":"ReadAction","target":["https://www.alamoslisboa.org/en/about-us/youth-association/"]}]},{"@type":"ImageObject","inLanguage":"en-US","@id":"https://www.alamoslisboa.org/en/about-us/youth-association/#primaryimage","url":"https://www.alamoslisboa.org/wp-content/uploads/2017/11/IMG-20161009-WA0003.jpg","contentUrl":"https://www.alamoslisboa.org/wp-content/uploads/2017/11/IMG-20161009-WA0003.jpg","width":1598,"height":407},{"@type":"BreadcrumbList","@id":"https://www.alamoslisboa.org/en/about-us/youth-association/#breadcrumb","itemListElement":[{"@type":"ListItem","position":1,"name":"Home","item":"https://www.alamoslisboa.org/en/"},{"@type":"ListItem","position":2,"name":"About us","item":"https://www.alamoslisboa.org/en/about-us/"},{"@type":"ListItem","position":3,"name":"Youth Association"}]},{"@type":"WebSite","@id":"https://www.alamoslisboa.org/#website","url":"https://www.alamoslisboa.org/","name":"Residência Universitária dos Álamos","description":"","potentialAction":[{"@type":"SearchAction","target":{"@type":"EntryPoint","urlTemplate":"https://www.alamoslisboa.org/?s={search_term_string}"},"query-input":{"@type":"PropertyValueSpecification","valueRequired":true,"valueName":"search_term_string"}}],"inLanguage":"en-US"}]}</script>
<!-- / Yoast SEO plugin. -->

Youth Association &#8211; Residência Universitária dos Álamos

Residência Universitária dos Álamos
