{"id":1899,"date":"2013-11-05T16:56:10","date_gmt":"2013-11-05T16:56:10","guid":{"rendered":"http:\/\/www.alamoslisboa.org\/?page_id=1899"},"modified":"2019-01-30T20:07:41","modified_gmt":"2019-01-30T20:07:41","slug":"location","status":"publish","type":"page","link":"https:\/\/www.alamoslisboa.org\/en\/location\/","title":{"rendered":"Location"},"content":{"rendered":"<section class=\"kc-elm kc-css-255109 kc_row\"><div class=\"kc-row-container  kc-container\"><div class=\"kc-wrap-columns\"><div class=\"kc-elm kc-css-112439 kc_col-sm-9 kc_column kc_col-sm-9\"><div class=\"kc-col-container\"><div class=\"kc-elm kc-css-355272 kc_text_block\"><\/p>\n<h6>Google Maps<\/h6>\n<p><iframe loading=\"lazy\" src=\"https:\/\/www.google.com\/maps\/embed\/v1\/place?key=AIzaSyAATIE0NeefxCSZu7UwYEb3o23-Nr5SR_g&amp;q=Resid%C3%AAncia+Universit%C3%A1ria+dos+%C3%81lamos\" width=\"390\" height=\"350\" frameborder=\"0\" marginwidth=\"0\" marginheight=\"0\" scrolling=\"no\"><\/iframe><br \/><small><a style=\"color: #0000ff; text-align: left;\" href=\"https:\/\/maps.google.com\/maps?ie=UTF8&amp;q=Resid%C3%AAncia+Universit%C3%A1ria+dos+%C3%81lamos&amp;fb=1&amp;hq=residencia+universitaria+dos+alamos&amp;cid=0,0,8465989922256737084&amp;hnear=&amp;ll=38.762131,-9.1565&amp;spn=0.006295,0.006295&amp;t=m&amp;iwloc=A&amp;source=embed\">View Larger Map<\/a><\/small><\/p>\n<p>The main entrance is in the <em>Alameda da Universidade<\/em>, between the <em>Torre do Tombo<\/em> and the <em>Horto do Campo Grande<\/em>.<\/p>\n<p>Parking is available in the \u00c1lamos\u2019 garage, which is located at the back of the building with access through <a href=\"https:\/\/www.google.com\/maps?q=Campo+Grande+189&amp;entry=gmail&amp;source=g\">Campo Grande 189<\/a>.<\/p>\n<p>\n<\/div><\/div><\/div><div class=\"kc-elm kc-css-266012 kc_col-sm-3 kc_column kc_col-sm-3\"><div class=\"kc-col-container\"><div class=\"kc-elm kc-css-20519 widget-area kc-wp-sidebar\"><div id=\"custom_html-6\" class=\"widget_text side-bar widget sidebar_widget widget_custom_html\"><div class=\"sec-title\"><h3 class=\"skew-lines\">Next Activities<\/h3><\/div><div class=\"textwidget custom-html-widget\"><div class=\"embed-responsive embed-responsive-vertical\">\r\n<iframe loading=\"lazy\" class=\"embed-responsive-item\" style=\"border-width: 0px;\" src=\"https:\/\/calendar.google.com\/calendar\/embed?showTitle=0&amp;showNav=0&amp;showPrint=0&amp;showTabs=0&amp;showCalendars=0&amp;mode=AGENDA&amp;height=400&amp;wkst=2&amp;bgcolor=%23ff6666&amp;src=i.alamoslisboa%40gmail.com&amp;color=%23B1365F&amp;ctz=Europe%2FLisbon\" width=\"200\" height=\"400\" scrolling=\"no\"><\/iframe>\r\n<\/div><\/div><\/div><\/div><\/div><\/div><\/div><\/div><\/section>\n","protected":false},"excerpt":{"rendered":"","protected":false},"author":2,"featured_media":1438,"parent":0,"menu_order":4,"comment_status":"closed","ping_status":"closed","template":"","meta":{"_acf_changed":false,"footnotes":""},"class_list":["post-1899","page","type-page","status-publish","has-post-thumbnail","hentry"],"acf":[],"yoast_head":"<!-- This site is optimized with the Yoast SEO plugin v27.1.1 - https:\/\/yoast.com\/product\/yoast-seo-wordpress\/ -->\n<title>Location &#8211; Resid\u00eancia Universit\u00e1ria dos \u00c1lamos<\/title>\n<meta name=\"robots\" content=\"index, follow, max-snippet:-1, max-image-preview:large, max-video-preview:-1\" \/>\n<link rel=\"canonical\" href=\"https:\/\/www.alamoslisboa.org\/en\/location\/\" \/>\n<script type=\"application\/ld+json\" class=\"yoast-schema-graph\">{\"@context\":\"https:\/\/schema.org\",\"@graph\":[{\"@type\":\"WebPage\",\"@id\":\"https:\/\/www.alamoslisboa.org\/en\/location\/\",\"url\":\"https:\/\/www.alamoslisboa.org\/en\/location\/\",\"name\":\"Location &#8211; Resid\u00eancia Universit\u00e1ria dos \u00c1lamos\",\"isPartOf\":{\"@id\":\"https:\/\/www.alamoslisboa.org\/#website\"},\"primaryImageOfPage\":{\"@id\":\"https:\/\/www.alamoslisboa.org\/en\/location\/#primaryimage\"},\"image\":{\"@id\":\"https:\/\/www.alamoslisboa.org\/en\/location\/#primaryimage\"},\"thumbnailUrl\":\"https:\/\/www.alamoslisboa.org\/wp-content\/uploads\/2017\/08\/DSCF0866-e1504011627801.jpg\",\"datePublished\":\"2013-11-05T16:56:10+00:00\",\"dateModified\":\"2019-01-30T20:07:41+00:00\",\"breadcrumb\":{\"@id\":\"https:\/\/www.alamoslisboa.org\/en\/location\/#breadcrumb\"},\"inLanguage\":\"en-US\",\"potentialAction\":[{\"@type\":\"ReadAction\",\"target\":[\"https:\/\/www.alamoslisboa.org\/en\/location\/\"]}]},{\"@type\":\"ImageObject\",\"inLanguage\":\"en-US\",\"@id\":\"https:\/\/www.alamoslisboa.org\/en\/location\/#primaryimage\",\"url\":\"https:\/\/www.alamoslisboa.org\/wp-content\/uploads\/2017\/08\/DSCF0866-e1504011627801.jpg\",\"contentUrl\":\"https:\/\/www.alamoslisboa.org\/wp-content\/uploads\/2017\/08\/DSCF0866-e1504011627801.jpg\",\"width\":2787,\"height\":1302},{\"@type\":\"BreadcrumbList\",\"@id\":\"https:\/\/www.alamoslisboa.org\/en\/location\/#breadcrumb\",\"itemListElement\":[{\"@type\":\"ListItem\",\"position\":1,\"name\":\"Home\",\"item\":\"https:\/\/www.alamoslisboa.org\/en\/\"},{\"@type\":\"ListItem\",\"position\":2,\"name\":\"Location\"}]},{\"@type\":\"WebSite\",\"@id\":\"https:\/\/www.alamoslisboa.org\/#website\",\"url\":\"https:\/\/www.alamoslisboa.org\/\",\"name\":\"Resid\u00eancia Universit\u00e1ria dos \u00c1lamos\",\"description\":\"\",\"potentialAction\":[{\"@type\":\"SearchAction\",\"target\":{\"@type\":\"EntryPoint\",\"urlTemplate\":\"https:\/\/www.alamoslisboa.org\/?s={search_term_string}\"},\"query-input\":{\"@type\":\"PropertyValueSpecification\",\"valueRequired\":true,\"valueName\":\"search_term_string\"}}],\"inLanguage\":\"en-US\"}]}<\/script>\n<!-- \/ Yoast SEO plugin. -->","yoast_head_json":{"title":"Location &#8211; Resid\u00eancia Universit\u00e1ria dos \u00c1lamos","robots":{"index":"index","follow":"follow","max-snippet":"max-snippet:-1","max-image-preview":"max-image-preview:large","max-video-preview":"max-video-preview:-1"},"canonical":"https:\/\/www.alamoslisboa.org\/en\/location\/","schema":{"@context":"https:\/\/schema.org","@graph":[{"@type":"WebPage","@id":"https:\/\/www.alamoslisboa.org\/en\/location\/","url":"https:\/\/www.alamoslisboa.org\/en\/location\/","name":"Location &#8211; Resid\u00eancia Universit\u00e1ria dos \u00c1lamos","isPartOf":{"@id":"https:\/\/www.alamoslisboa.org\/#website"},"primaryImageOfPage":{"@id":"https:\/\/www.alamoslisboa.org\/en\/location\/#primaryimage"},"image":{"@id":"https:\/\/www.alamoslisboa.org\/en\/location\/#primaryimage"},"thumbnailUrl":"https:\/\/www.alamoslisboa.org\/wp-content\/uploads\/2017\/08\/DSCF0866-e1504011627801.jpg","datePublished":"2013-11-05T16:56:10+00:00","dateModified":"2019-01-30T20:07:41+00:00","breadcrumb":{"@id":"https:\/\/www.alamoslisboa.org\/en\/location\/#breadcrumb"},"inLanguage":"en-US","potentialAction":[{"@type":"ReadAction","target":["https:\/\/www.alamoslisboa.org\/en\/location\/"]}]},{"@type":"ImageObject","inLanguage":"en-US","@id":"https:\/\/www.alamoslisboa.org\/en\/location\/#primaryimage","url":"https:\/\/www.alamoslisboa.org\/wp-content\/uploads\/2017\/08\/DSCF0866-e1504011627801.jpg","contentUrl":"https:\/\/www.alamoslisboa.org\/wp-content\/uploads\/2017\/08\/DSCF0866-e1504011627801.jpg","width":2787,"height":1302},{"@type":"BreadcrumbList","@id":"https:\/\/www.alamoslisboa.org\/en\/location\/#breadcrumb","itemListElement":[{"@type":"ListItem","position":1,"name":"Home","item":"https:\/\/www.alamoslisboa.org\/en\/"},{"@type":"ListItem","position":2,"name":"Location"}]},{"@type":"WebSite","@id":"https:\/\/www.alamoslisboa.org\/#website","url":"https:\/\/www.alamoslisboa.org\/","name":"Resid\u00eancia Universit\u00e1ria dos \u00c1lamos","description":"","potentialAction":[{"@type":"SearchAction","target":{"@type":"EntryPoint","urlTemplate":"https:\/\/www.alamoslisboa.org\/?s={search_term_string}"},"query-input":{"@type":"PropertyValueSpecification","valueRequired":true,"valueName":"search_term_string"}}],"inLanguage":"en-US"}]}},"_links":{"self":[{"href":"https:\/\/www.alamoslisboa.org\/en\/wp-json\/wp\/v2\/pages\/1899","targetHints":{"allow":["GET"]}}],"collection":[{"href":"https:\/\/www.alamoslisboa.org\/en\/wp-json\/wp\/v2\/pages"}],"about":[{"href":"https:\/\/www.alamoslisboa.org\/en\/wp-json\/wp\/v2\/types\/page"}],"author":[{"embeddable":true,"href":"https:\/\/www.alamoslisboa.org\/en\/wp-json\/wp\/v2\/users\/2"}],"replies":[{"embeddable":true,"href":"https:\/\/www.alamoslisboa.org\/en\/wp-json\/wp\/v2\/comments?post=1899"}],"version-history":[{"count":0,"href":"https:\/\/www.alamoslisboa.org\/en\/wp-json\/wp\/v2\/pages\/1899\/revisions"}],"wp:featuredmedia":[{"embeddable":true,"href":"https:\/\/www.alamoslisboa.org\/en\/wp-json\/wp\/v2\/media\/1438"}],"wp:attachment":[{"href":"https:\/\/www.alamoslisboa.org\/en\/wp-json\/wp\/v2\/media?parent=1899"}],"curies":[{"name":"wp","href":"https:\/\/api.w.org\/{rel}","templated":true}]}}

<section class="kc-elm kc-css-255109 kc_row"><div class="kc-row-container  kc-container"><div class="kc-wrap-columns"><div class="kc-elm kc-css-112439 kc_col-sm-9 kc_column kc_col-sm-9"><div class="kc-col-container"><div class="kc-elm kc-css-355272 kc_text_block"></p>
<h6>Google Maps</h6>
<p><iframe loading="lazy" src="https://www.google.com/maps/embed/v1/place?key=AIzaSyAATIE0NeefxCSZu7UwYEb3o23-Nr5SR_g&amp;q=Resid%C3%AAncia+Universit%C3%A1ria+dos+%C3%81lamos" width="390" height="350" frameborder="0" marginwidth="0" marginheight="0" scrolling="no"></iframe><br /><small><a style="color: #0000ff; text-align: left;" href="https://maps.google.com/maps?ie=UTF8&amp;q=Resid%C3%AAncia+Universit%C3%A1ria+dos+%C3%81lamos&amp;fb=1&amp;hq=residencia+universitaria+dos+alamos&amp;cid=0,0,8465989922256737084&amp;hnear=&amp;ll=38.762131,-9.1565&amp;spn=0.006295,0.006295&amp;t=m&amp;iwloc=A&amp;source=embed">View Larger Map</a></small></p>
<p>The main entrance is in the <em>Alameda da Universidade</em>, between the <em>Torre do Tombo</em> and the <em>Horto do Campo Grande</em>.</p>
<p>Parking is available in the Álamos’ garage, which is located at the back of the building with access through <a href="https://www.google.com/maps?q=Campo+Grande+189&amp;entry=gmail&amp;source=g">Campo Grande 189</a>.</p>
<p>
</div></div></div><div class="kc-elm kc-css-266012 kc_col-sm-3 kc_column kc_col-sm-3"><div class="kc-col-container"><div class="kc-elm kc-css-20519 widget-area kc-wp-sidebar"><div id="custom_html-6" class="widget_text side-bar widget sidebar_widget widget_custom_html"><div class="sec-title"><h3 class="skew-lines">Next Activities</h3></div><div class="textwidget custom-html-widget"><div class="embed-responsive embed-responsive-vertical">
<iframe loading="lazy" class="embed-responsive-item" style="border-width: 0px;" src="https://calendar.google.com/calendar/embed?showTitle=0&amp;showNav=0&amp;showPrint=0&amp;showTabs=0&amp;showCalendars=0&amp;mode=AGENDA&amp;height=400&amp;wkst=2&amp;bgcolor=%23ff6666&amp;src=i.alamoslisboa%40gmail.com&amp;color=%23B1365F&amp;ctz=Europe%2FLisbon" width="200" height="400" scrolling="no"></iframe>
</div></div></div></div></div></div></div></div></section>

<!-- This site is optimized with the Yoast SEO plugin v27.1.1 - https://yoast.com/product/yoast-seo-wordpress/ -->
<title>Location &#8211; Residência Universitária dos Álamos</title>
<meta name="robots" content="index, follow, max-snippet:-1, max-image-preview:large, max-video-preview:-1" />
<link rel="canonical" href="https://www.alamoslisboa.org/en/location/" />
<script type="application/ld+json" class="yoast-schema-graph">{"@context":"https://schema.org","@graph":[{"@type":"WebPage","@id":"https://www.alamoslisboa.org/en/location/","url":"https://www.alamoslisboa.org/en/location/","name":"Location &#8211; Residência Universitária dos Álamos","isPartOf":{"@id":"https://www.alamoslisboa.org/#website"},"primaryImageOfPage":{"@id":"https://www.alamoslisboa.org/en/location/#primaryimage"},"image":{"@id":"https://www.alamoslisboa.org/en/location/#primaryimage"},"thumbnailUrl":"https://www.alamoslisboa.org/wp-content/uploads/2017/08/DSCF0866-e1504011627801.jpg","datePublished":"2013-11-05T16:56:10+00:00","dateModified":"2019-01-30T20:07:41+00:00","breadcrumb":{"@id":"https://www.alamoslisboa.org/en/location/#breadcrumb"},"inLanguage":"en-US","potentialAction":[{"@type":"ReadAction","target":["https://www.alamoslisboa.org/en/location/"]}]},{"@type":"ImageObject","inLanguage":"en-US","@id":"https://www.alamoslisboa.org/en/location/#primaryimage","url":"https://www.alamoslisboa.org/wp-content/uploads/2017/08/DSCF0866-e1504011627801.jpg","contentUrl":"https://www.alamoslisboa.org/wp-content/uploads/2017/08/DSCF0866-e1504011627801.jpg","width":2787,"height":1302},{"@type":"BreadcrumbList","@id":"https://www.alamoslisboa.org/en/location/#breadcrumb","itemListElement":[{"@type":"ListItem","position":1,"name":"Home","item":"https://www.alamoslisboa.org/en/"},{"@type":"ListItem","position":2,"name":"Location"}]},{"@type":"WebSite","@id":"https://www.alamoslisboa.org/#website","url":"https://www.alamoslisboa.org/","name":"Residência Universitária dos Álamos","description":"","potentialAction":[{"@type":"SearchAction","target":{"@type":"EntryPoint","urlTemplate":"https://www.alamoslisboa.org/?s={search_term_string}"},"query-input":{"@type":"PropertyValueSpecification","valueRequired":true,"valueName":"search_term_string"}}],"inLanguage":"en-US"}]}</script>
<!-- / Yoast SEO plugin. -->

Location &#8211; Residência Universitária dos Álamos

Residência Universitária dos Álamos
