{"id":1884,"date":"2013-11-07T15:14:50","date_gmt":"2013-11-07T15:14:50","guid":{"rendered":"http:\/\/www.alamoslisboa.org\/?page_id=1884"},"modified":"2019-01-30T20:01:13","modified_gmt":"2019-01-30T20:01:13","slug":"catholic-activities","status":"publish","type":"page","link":"https:\/\/www.alamoslisboa.org\/en\/activities\/catholic-activities\/","title":{"rendered":"Catholic Activities"},"content":{"rendered":"<section class=\"kc-elm kc-css-246099 kc_row\"><div class=\"kc-row-container  kc-container\"><div class=\"kc-wrap-columns\"><div class=\"kc-elm kc-css-607771 kc_col-sm-9 kc_column kc_col-sm-9\"><div class=\"kc-col-container\"><div class=\"kc-elm kc-css-857593 kc_text_block\"><\/p>\n<p>The full development of a person\u2019s personality also includes its spiritual dimension. As such, \u00c1lamos especially highlights this dimension.<\/p>\n<p>\u00c1lamos offers the possibility of having spiritual activities, consigned to the\u00a0<a href=\"http:\/\/opusdei.org\/en-uk\/\">Opus Dei<\/a>\u00a0Prelature, a Catholic institution founded in 1928 by\u00a0<a href=\"http:\/\/opusdei.org\/en\/section\/saint-josemaria\/\">St. Josemaria Escriv\u00e1<\/a>\u00a0(1902-1975). This way, those who want this spiritual formation may find a deeper sense in their experience as university students.<\/p>\n<p>All of these activities are optional. Attending them is not a selection criteria or criteria to remain in the residence.<\/p>\n<p>Regularly:<\/p>\n<ul>\n<li>Weekly meditation, guided by the Residence\u2019s chaplain (every Wednesdays from 6.30pm to 7.00pm)<\/li>\n<li>Monthly Recollection (Afternoon of Prayer on the third Wednesday of each month, from 5.15pm to 7.45pm)<\/li>\n<li>Silent Retreats (annually, check the dates\u00a0<a href=\"https:\/\/www.alamoslisboa.org\/retiros-espirituais\/\">here<\/a>)<\/li>\n<li>Confessions and spiritual direction (Tuesdays and Wednesdays, during the afternoon, and Saturdays, in the morning)<\/li>\n<li>Celebration of Holy Mass (Check the days with \u00c1lamos)<\/li>\n<li>Reciting of the Rosary, daily (From Monday to Friday at 10.00pm; Saturday and Sunday at 3.00pm)<\/li>\n<li>Doctrinal formation cycles, based on the Catechism of the Catholic Church<\/li>\n<\/ul>\n<h6>Catechesis<\/h6>\n<p>Weekly, several university students teach catechism, with aims of transmitting to others what they already receive in the spiritual activities they attend. That way, we follow Pope Francis\u2019s appeal in Rio de Janeiro: \u201cDear youth, the Church is counting on you!\u201d<\/p>\n<blockquote>\n<p>Store up your training, fill yourself with clear ideas, with the fullness of the Christian message, so that afterwards you can pass it on to others.<\/p>\n<\/blockquote>\n<p style=\"text-align: right;\"><strong>St. Josemar\u00eda Escriv\u00e1, The Forge, 841<\/strong><\/p>\n<h6>WYD<\/h6>\n<p>Periodically, World Youth Day, a week-long international meeting of young people with the Pope. These meetings arose from large encounters with the Pope John Paul II in Rome and have since grown and spread to different countries.<\/p>\n<p>WYD has as a core objective the introduction of the Christ\u2019s message to all young people in the world. It is through these young people that the \u201cface\u201d of Christ is shown to the world. This is a unique opportunity to live unity with the Pope, listen to what the Holy Father has to say to young people in person, and to get to know the Church\u2019s youth from around the world.<\/p>\n<p>\u00c1lamos has already participated in several of WYD:<\/p>\n<ul>\n<li>In 2016, in Cracow (Poland)<\/li>\n<li>In 2011, in Madrid (Spain)<\/li>\n<li>In 2005, in Cologne (Germany)<\/li>\n<li>In 2000, in Rome (Italy)<\/li>\n<li>In 1997, in Paris (France)<\/li>\n<li>In 1991, in Czestochowa (Poland)<\/li>\n<li>In 1989, in Santiago de Compostela (Spain)<\/li>\n<\/ul>\n<p>\n<\/div><\/div><\/div><div class=\"kc-elm kc-css-781037 kc_col-sm-3 kc_column kc_col-sm-3\"><div class=\"kc-col-container\"><div class=\"kc-elm kc-css-486678 widget-area kc-wp-sidebar\"><div id=\"custom_html-5\" class=\"widget_text side-bar widget sidebar_widget widget_custom_html\"><div class=\"sec-title\"><h3 class=\"skew-lines\">Contacts<\/h3><\/div><div class=\"textwidget custom-html-widget\"><p>\r\nAlameda da Universidade, 10<br\/>\r\n1600-214 Lisbon<br\/>\r\nPORTUGAL\r\n<\/p>\r\n<p>\r\n<strong>Tel:<\/strong><br\/>\r\n(+351) 966 443 592 (call to PT mobile network\r\n<\/p>\r\n<p>\r\n<strong>Email:<\/strong><br\/>\r\nalamos@alamoslisboa.org\r\n<\/p><\/div><\/div><\/div><\/div><\/div><\/div><\/div><\/section>\n","protected":false},"excerpt":{"rendered":"","protected":false},"author":2,"featured_media":291,"parent":376,"menu_order":4,"comment_status":"closed","ping_status":"closed","template":"","meta":{"_acf_changed":false,"footnotes":""},"class_list":["post-1884","page","type-page","status-publish","has-post-thumbnail","hentry"],"acf":[],"yoast_head":"<!-- This site is optimized with the Yoast SEO plugin v27.1.1 - https:\/\/yoast.com\/product\/yoast-seo-wordpress\/ -->\n<title>Catholic Activities &#8211; Resid\u00eancia Universit\u00e1ria dos \u00c1lamos<\/title>\n<meta name=\"robots\" content=\"index, follow, max-snippet:-1, max-image-preview:large, max-video-preview:-1\" \/>\n<link rel=\"canonical\" href=\"https:\/\/www.alamoslisboa.org\/en\/activities\/catholic-activities\/\" \/>\n<meta name=\"twitter:label1\" content=\"Est. reading time\" \/>\n\t<meta name=\"twitter:data1\" content=\"2 minutes\" \/>\n<script type=\"application\/ld+json\" class=\"yoast-schema-graph\">{\"@context\":\"https:\/\/schema.org\",\"@graph\":[{\"@type\":\"WebPage\",\"@id\":\"https:\/\/www.alamoslisboa.org\/en\/activities\/catholic-activities\/\",\"url\":\"https:\/\/www.alamoslisboa.org\/en\/activities\/catholic-activities\/\",\"name\":\"Catholic Activities &#8211; Resid\u00eancia Universit\u00e1ria dos \u00c1lamos\",\"isPartOf\":{\"@id\":\"https:\/\/www.alamoslisboa.org\/#website\"},\"primaryImageOfPage\":{\"@id\":\"https:\/\/www.alamoslisboa.org\/en\/activities\/catholic-activities\/#primaryimage\"},\"image\":{\"@id\":\"https:\/\/www.alamoslisboa.org\/en\/activities\/catholic-activities\/#primaryimage\"},\"thumbnailUrl\":\"https:\/\/www.alamoslisboa.org\/wp-content\/uploads\/2013\/11\/FORMA\u00c7\u00c3O-CAT\u00d3LICA.png\",\"datePublished\":\"2013-11-07T15:14:50+00:00\",\"dateModified\":\"2019-01-30T20:01:13+00:00\",\"breadcrumb\":{\"@id\":\"https:\/\/www.alamoslisboa.org\/en\/activities\/catholic-activities\/#breadcrumb\"},\"inLanguage\":\"en-US\",\"potentialAction\":[{\"@type\":\"ReadAction\",\"target\":[\"https:\/\/www.alamoslisboa.org\/en\/activities\/catholic-activities\/\"]}]},{\"@type\":\"ImageObject\",\"inLanguage\":\"en-US\",\"@id\":\"https:\/\/www.alamoslisboa.org\/en\/activities\/catholic-activities\/#primaryimage\",\"url\":\"https:\/\/www.alamoslisboa.org\/wp-content\/uploads\/2013\/11\/FORMA\u00c7\u00c3O-CAT\u00d3LICA.png\",\"contentUrl\":\"https:\/\/www.alamoslisboa.org\/wp-content\/uploads\/2013\/11\/FORMA\u00c7\u00c3O-CAT\u00d3LICA.png\",\"width\":783,\"height\":250},{\"@type\":\"BreadcrumbList\",\"@id\":\"https:\/\/www.alamoslisboa.org\/en\/activities\/catholic-activities\/#breadcrumb\",\"itemListElement\":[{\"@type\":\"ListItem\",\"position\":1,\"name\":\"Home\",\"item\":\"https:\/\/www.alamoslisboa.org\/en\/\"},{\"@type\":\"ListItem\",\"position\":2,\"name\":\"Activities\",\"item\":\"https:\/\/www.alamoslisboa.org\/en\/activities\/\"},{\"@type\":\"ListItem\",\"position\":3,\"name\":\"Catholic Activities\"}]},{\"@type\":\"WebSite\",\"@id\":\"https:\/\/www.alamoslisboa.org\/#website\",\"url\":\"https:\/\/www.alamoslisboa.org\/\",\"name\":\"Resid\u00eancia Universit\u00e1ria dos \u00c1lamos\",\"description\":\"\",\"potentialAction\":[{\"@type\":\"SearchAction\",\"target\":{\"@type\":\"EntryPoint\",\"urlTemplate\":\"https:\/\/www.alamoslisboa.org\/?s={search_term_string}\"},\"query-input\":{\"@type\":\"PropertyValueSpecification\",\"valueRequired\":true,\"valueName\":\"search_term_string\"}}],\"inLanguage\":\"en-US\"}]}<\/script>\n<!-- \/ Yoast SEO plugin. -->","yoast_head_json":{"title":"Catholic Activities &#8211; Resid\u00eancia Universit\u00e1ria dos \u00c1lamos","robots":{"index":"index","follow":"follow","max-snippet":"max-snippet:-1","max-image-preview":"max-image-preview:large","max-video-preview":"max-video-preview:-1"},"canonical":"https:\/\/www.alamoslisboa.org\/en\/activities\/catholic-activities\/","twitter_misc":{"Est. reading time":"2 minutes"},"schema":{"@context":"https:\/\/schema.org","@graph":[{"@type":"WebPage","@id":"https:\/\/www.alamoslisboa.org\/en\/activities\/catholic-activities\/","url":"https:\/\/www.alamoslisboa.org\/en\/activities\/catholic-activities\/","name":"Catholic Activities &#8211; Resid\u00eancia Universit\u00e1ria dos \u00c1lamos","isPartOf":{"@id":"https:\/\/www.alamoslisboa.org\/#website"},"primaryImageOfPage":{"@id":"https:\/\/www.alamoslisboa.org\/en\/activities\/catholic-activities\/#primaryimage"},"image":{"@id":"https:\/\/www.alamoslisboa.org\/en\/activities\/catholic-activities\/#primaryimage"},"thumbnailUrl":"https:\/\/www.alamoslisboa.org\/wp-content\/uploads\/2013\/11\/FORMA\u00c7\u00c3O-CAT\u00d3LICA.png","datePublished":"2013-11-07T15:14:50+00:00","dateModified":"2019-01-30T20:01:13+00:00","breadcrumb":{"@id":"https:\/\/www.alamoslisboa.org\/en\/activities\/catholic-activities\/#breadcrumb"},"inLanguage":"en-US","potentialAction":[{"@type":"ReadAction","target":["https:\/\/www.alamoslisboa.org\/en\/activities\/catholic-activities\/"]}]},{"@type":"ImageObject","inLanguage":"en-US","@id":"https:\/\/www.alamoslisboa.org\/en\/activities\/catholic-activities\/#primaryimage","url":"https:\/\/www.alamoslisboa.org\/wp-content\/uploads\/2013\/11\/FORMA\u00c7\u00c3O-CAT\u00d3LICA.png","contentUrl":"https:\/\/www.alamoslisboa.org\/wp-content\/uploads\/2013\/11\/FORMA\u00c7\u00c3O-CAT\u00d3LICA.png","width":783,"height":250},{"@type":"BreadcrumbList","@id":"https:\/\/www.alamoslisboa.org\/en\/activities\/catholic-activities\/#breadcrumb","itemListElement":[{"@type":"ListItem","position":1,"name":"Home","item":"https:\/\/www.alamoslisboa.org\/en\/"},{"@type":"ListItem","position":2,"name":"Activities","item":"https:\/\/www.alamoslisboa.org\/en\/activities\/"},{"@type":"ListItem","position":3,"name":"Catholic Activities"}]},{"@type":"WebSite","@id":"https:\/\/www.alamoslisboa.org\/#website","url":"https:\/\/www.alamoslisboa.org\/","name":"Resid\u00eancia Universit\u00e1ria dos \u00c1lamos","description":"","potentialAction":[{"@type":"SearchAction","target":{"@type":"EntryPoint","urlTemplate":"https:\/\/www.alamoslisboa.org\/?s={search_term_string}"},"query-input":{"@type":"PropertyValueSpecification","valueRequired":true,"valueName":"search_term_string"}}],"inLanguage":"en-US"}]}},"_links":{"self":[{"href":"https:\/\/www.alamoslisboa.org\/en\/wp-json\/wp\/v2\/pages\/1884","targetHints":{"allow":["GET"]}}],"collection":[{"href":"https:\/\/www.alamoslisboa.org\/en\/wp-json\/wp\/v2\/pages"}],"about":[{"href":"https:\/\/www.alamoslisboa.org\/en\/wp-json\/wp\/v2\/types\/page"}],"author":[{"embeddable":true,"href":"https:\/\/www.alamoslisboa.org\/en\/wp-json\/wp\/v2\/users\/2"}],"replies":[{"embeddable":true,"href":"https:\/\/www.alamoslisboa.org\/en\/wp-json\/wp\/v2\/comments?post=1884"}],"version-history":[{"count":0,"href":"https:\/\/www.alamoslisboa.org\/en\/wp-json\/wp\/v2\/pages\/1884\/revisions"}],"up":[{"embeddable":true,"href":"https:\/\/www.alamoslisboa.org\/en\/wp-json\/wp\/v2\/pages\/376"}],"wp:featuredmedia":[{"embeddable":true,"href":"https:\/\/www.alamoslisboa.org\/en\/wp-json\/wp\/v2\/media\/291"}],"wp:attachment":[{"href":"https:\/\/www.alamoslisboa.org\/en\/wp-json\/wp\/v2\/media?parent=1884"}],"curies":[{"name":"wp","href":"https:\/\/api.w.org\/{rel}","templated":true}]}}

<section class="kc-elm kc-css-246099 kc_row"><div class="kc-row-container  kc-container"><div class="kc-wrap-columns"><div class="kc-elm kc-css-607771 kc_col-sm-9 kc_column kc_col-sm-9"><div class="kc-col-container"><div class="kc-elm kc-css-857593 kc_text_block"></p>
<p>The full development of a person’s personality also includes its spiritual dimension. As such, Álamos especially highlights this dimension.</p>
<p>Álamos offers the possibility of having spiritual activities, consigned to the <a href="http://opusdei.org/en-uk/">Opus Dei</a> Prelature, a Catholic institution founded in 1928 by <a href="http://opusdei.org/en/section/saint-josemaria/">St. Josemaria Escrivá</a> (1902-1975). This way, those who want this spiritual formation may find a deeper sense in their experience as university students.</p>
<p>All of these activities are optional. Attending them is not a selection criteria or criteria to remain in the residence.</p>
<p>Regularly:</p>
<ul>
<li>Weekly meditation, guided by the Residence’s chaplain (every Wednesdays from 6.30pm to 7.00pm)</li>
<li>Monthly Recollection (Afternoon of Prayer on the third Wednesday of each month, from 5.15pm to 7.45pm)</li>
<li>Silent Retreats (annually, check the dates <a href="https://www.alamoslisboa.org/retiros-espirituais/">here</a>)</li>
<li>Confessions and spiritual direction (Tuesdays and Wednesdays, during the afternoon, and Saturdays, in the morning)</li>
<li>Celebration of Holy Mass (Check the days with Álamos)</li>
<li>Reciting of the Rosary, daily (From Monday to Friday at 10.00pm; Saturday and Sunday at 3.00pm)</li>
<li>Doctrinal formation cycles, based on the Catechism of the Catholic Church</li>
</ul>
<h6>Catechesis</h6>
<p>Weekly, several university students teach catechism, with aims of transmitting to others what they already receive in the spiritual activities they attend. That way, we follow Pope Francis’s appeal in Rio de Janeiro: “Dear youth, the Church is counting on you!”</p>
<blockquote>
<p>Store up your training, fill yourself with clear ideas, with the fullness of the Christian message, so that afterwards you can pass it on to others.</p>
</blockquote>
<p style="text-align: right;"><strong>St. Josemaría Escrivá, The Forge, 841</strong></p>
<h6>WYD</h6>
<p>Periodically, World Youth Day, a week-long international meeting of young people with the Pope. These meetings arose from large encounters with the Pope John Paul II in Rome and have since grown and spread to different countries.</p>
<p>WYD has as a core objective the introduction of the Christ’s message to all young people in the world. It is through these young people that the “face” of Christ is shown to the world. This is a unique opportunity to live unity with the Pope, listen to what the Holy Father has to say to young people in person, and to get to know the Church’s youth from around the world.</p>
<p>Álamos has already participated in several of WYD:</p>
<ul>
<li>In 2016, in Cracow (Poland)</li>
<li>In 2011, in Madrid (Spain)</li>
<li>In 2005, in Cologne (Germany)</li>
<li>In 2000, in Rome (Italy)</li>
<li>In 1997, in Paris (France)</li>
<li>In 1991, in Czestochowa (Poland)</li>
<li>In 1989, in Santiago de Compostela (Spain)</li>
</ul>
<p>
</div></div></div><div class="kc-elm kc-css-781037 kc_col-sm-3 kc_column kc_col-sm-3"><div class="kc-col-container"><div class="kc-elm kc-css-486678 widget-area kc-wp-sidebar"><div id="custom_html-5" class="widget_text side-bar widget sidebar_widget widget_custom_html"><div class="sec-title"><h3 class="skew-lines">Contacts</h3></div><div class="textwidget custom-html-widget"><p>
Alameda da Universidade, 10<br/>
1600-214 Lisbon<br/>
PORTUGAL
</p>
<p>
<strong>Tel:</strong><br/>
(+351) 966 443 592 (call to PT mobile network
</p>
<p>
<strong>Email:</strong><br/>
alamos@alamoslisboa.org
</p></div></div></div></div></div></div></div></section>

<!-- This site is optimized with the Yoast SEO plugin v27.1.1 - https://yoast.com/product/yoast-seo-wordpress/ -->
<title>Catholic Activities &#8211; Residência Universitária dos Álamos</title>
<meta name="robots" content="index, follow, max-snippet:-1, max-image-preview:large, max-video-preview:-1" />
<link rel="canonical" href="https://www.alamoslisboa.org/en/activities/catholic-activities/" />
<meta name="twitter:label1" content="Est. reading time" />
	<meta name="twitter:data1" content="2 minutes" />
<script type="application/ld+json" class="yoast-schema-graph">{"@context":"https://schema.org","@graph":[{"@type":"WebPage","@id":"https://www.alamoslisboa.org/en/activities/catholic-activities/","url":"https://www.alamoslisboa.org/en/activities/catholic-activities/","name":"Catholic Activities &#8211; Residência Universitária dos Álamos","isPartOf":{"@id":"https://www.alamoslisboa.org/#website"},"primaryImageOfPage":{"@id":"https://www.alamoslisboa.org/en/activities/catholic-activities/#primaryimage"},"image":{"@id":"https://www.alamoslisboa.org/en/activities/catholic-activities/#primaryimage"},"thumbnailUrl":"https://www.alamoslisboa.org/wp-content/uploads/2013/11/FORMAÇÃO-CATÓLICA.png","datePublished":"2013-11-07T15:14:50+00:00","dateModified":"2019-01-30T20:01:13+00:00","breadcrumb":{"@id":"https://www.alamoslisboa.org/en/activities/catholic-activities/#breadcrumb"},"inLanguage":"en-US","potentialAction":[{"@type":"ReadAction","target":["https://www.alamoslisboa.org/en/activities/catholic-activities/"]}]},{"@type":"ImageObject","inLanguage":"en-US","@id":"https://www.alamoslisboa.org/en/activities/catholic-activities/#primaryimage","url":"https://www.alamoslisboa.org/wp-content/uploads/2013/11/FORMAÇÃO-CATÓLICA.png","contentUrl":"https://www.alamoslisboa.org/wp-content/uploads/2013/11/FORMAÇÃO-CATÓLICA.png","width":783,"height":250},{"@type":"BreadcrumbList","@id":"https://www.alamoslisboa.org/en/activities/catholic-activities/#breadcrumb","itemListElement":[{"@type":"ListItem","position":1,"name":"Home","item":"https://www.alamoslisboa.org/en/"},{"@type":"ListItem","position":2,"name":"Activities","item":"https://www.alamoslisboa.org/en/activities/"},{"@type":"ListItem","position":3,"name":"Catholic Activities"}]},{"@type":"WebSite","@id":"https://www.alamoslisboa.org/#website","url":"https://www.alamoslisboa.org/","name":"Residência Universitária dos Álamos","description":"","potentialAction":[{"@type":"SearchAction","target":{"@type":"EntryPoint","urlTemplate":"https://www.alamoslisboa.org/?s={search_term_string}"},"query-input":{"@type":"PropertyValueSpecification","valueRequired":true,"valueName":"search_term_string"}}],"inLanguage":"en-US"}]}</script>
<!-- / Yoast SEO plugin. -->

Catholic Activities &#8211; Residência Universitária dos Álamos

https://www.alamoslisboa.org/wp-content/uploads/2013/11/FORMAÇÃO-CATÓLICA.png

Residência Universitária dos Álamos
